ousands digit of 1115432978?
3
What is the units digit of 30769186?
6
What is the hundred millions digit of 218164197?
2
What is the ten millions digit of 45931780?
4
What is the hundreds digit of 453649220?
2
What is the hundred thousands digit of 4677730?
6
What is the thousands digit of 715259840?
9
What is the thousands digit of 4534554129?
4
What is the units digit of 258784151?
1
What is the ten thousands digit of 161984824?
8
What is the units digit of 549450385?
5
What is the tens digit of 49432742?
4
What is the hundreds digit of 131357553?
5
What is the units digit of 5931455?
5
What is the hundreds digit of 1988763176?
1
What is the thousands digit of 512120027?
0
What is the millions digit of 4964503277?
4
What is the units digit of 5231529086?
6
What is the units digit of 31072199?
9
What is the ten millions digit of 136726040?
3
What is the ten millions digit of 369392841?
6
What is the ten millions digit of 2869662240?
6
What is the hundred thousands digit of 4786213562?
2
What is the hundred millions digit of 480063459?
4
What is the ten thousands digit of 1289958998?
5
What is the units digit of 449373036?
6
What is the tens digit of 87920780?
8
What is the units digit of 673942552?
2
What is the millions digit of 634111770?
4
What is the units digit of 40077113?
3
What is the thousands digit of 268333125?
3
What is the ten thousands digit of 2191564292?
6
What is the units digit of 50062674?
4
What is the hundred thousands digit of 729996062?
9
What is the hundred thousands digit of 154834960?
8
What is the hundred thousands digit of 187384984?
3
What is the units digit of 40038763?
3
What is the units digit of 45410440?
0
What is the ten thousands digit of 612849913?
4
What is the hundred thousands digit of 174724327?
7
What is the hundred thousands digit of 97387733?
3
What is the hundred millions digit of 2980443804?
9
What is the hundreds digit of 22670988?
9
What is the thousands digit of 75995887?
5
What is the billions digit of 1330017204?
1
What is the ten thousands digit of 351534119?
3
What is the hundred thousands digit of 250715183?
7
What is the ten millions digit of 281140033?
8
What is the ten thousands digit of 351827087?
2
What is the hundred millions digit of 546564847?
5
What is the ten millions digit of 29008808?
2
What is the ten thousands digit of 58572335?
7
What is the ten thousands digit of 192992375?
9
What is the millions digit of 118199468?
8
What is the hundreds digit of 304114346?
3
What is the hundred thousands digit of 1784457738?
4
What is the ten thousands digit of 668832498?
3
What is the hundreds digit of 41259901?
9
What is the thousands digit of 36252613?
2
What is the hundred millions digit of 5114744394?
1
What is the tens digit of 9591224?
2
What is the ten millions digit of 3185311426?
8
What is the units digit of 352704067?
7
What is the hundred thousands digit of 438875343?
8
What is the units digit of 5814243?
3
What is the ten millions digit of 698362249?
9
What is the hundred thousands digit of 2533002428?
0
What is the ten millions digit of 58708020?
5
What is the millions digit of 145128344?
5
What is the units digit of 138726350?
0
What is the ten thousands digit of 296870157?
7
What is the thousands digit of 345205761?
5
What is the units digit of 4364092371?
1
What is the tens digit of 89246268?
6
What is the millions digit of 7561973?
7
What is the thousands digit of 204982082?
2
What is the hundreds digit of 2866825?
8
What is the ten thousands digit of 200261726?
6
What is the ten thousands digit of 39943538?
4
What is the millions digit of 86396347?
6
What is the tens digit of 92972552?
5
What is the hundreds digit of 5832678751?
7
What is the units digit of 1115490168?
8
What is the millions digit of 17099844?
7
What is the millions digit of 389860271?
9
What is the thousands digit of 1877553767?
3
What is the hundreds digit of 58373450?
4
What is the tens digit of 26328220?
2
What is the millions digit of 793960496?
3
What is the units digit of 2528211773?
3
What is the thousands digit of 559338?
9
What is the hundred thousands digit of 42287329?
2
What is the tens digit of 342062179?
7
What is the ten millions digit of 186005124?
8
What is the hundred millions digit of 126157582?
1
What is the hundred millions digit of 3986559126?
9
What is the hundred thousands digit of 1178657096?
6
What is the tens digit of 13140515?
1
What is the millions digit of 73402303?
3
What is the thousands digit of 1202537973?
7
What is the hundreds digit of 15238703?
7
What is the ten thousands digit of 740334188?
3
What is the ten millions digit of 35731446?
3
What is the ten thousands digit of 1176999911?
9
What is the hundred thousands digit of 219187150?
1
What is the tens digit of 161302616?
1
What is the millions digit of 58046399?
8
What is the ten thousands digit of 79772085?
7
What is the tens digit of 211021863?
6
What is the ten thousands digit of 3473086702?
8
What is the tens digit of 779071745?
4
What is the thousands digit of 168506095?
6
What is the ten millions digit of 510072403?
1
What is the millions digit of 94952197?
4
What is the tens digit of 1078752693?
9
What is the hundreds digit of 2820805?
8
What is the millions digit of 24166572?
4
What is the ten thousands digit of 254526142?
2
What is the tens digit of 142548838?
3
What is the thousands digit of 2405566963?
6
What is the hundreds digit of 12797894?
8
What is the ten thousands digit of 104973907?
7
What is the hundred millions digit of 140334037?
1
What is the tens digit of 306001681?
8
What is the ten thousands digit of 616659879?
5
What is the ten millions digit of 46739790?
4
What is the billions digit of 3523866032?
3
What is the millions digit of 142667317?
2
What is the hundreds digit of 289554284?
2
What is the tens digit of 102844866?
6
What is the hundreds digit of 28227308?
3
What is the millions digit of 38736647?
8
What is the hundred thousands digit of 1030037219?
0
What is the tens digit of 3992648892?
9
What is the millions digit of 1738303152?
8
What is the hundred thousands digit of 1475213457?
2
What is the ten millions digit of 49465259?
4
What is the hundred millions digit of 182731331?
1
What is the hundred millions digit of 109666678?
1
What is the thousands digit of 393773917?
3
What is the tens digit of 161286353?
5
What is the thousands digit of 23817644?
7
What is the ten thousands digit of 635884875?
8
What is the ten millions digit of 32816097?
3
What is the hundreds digit of 28447750?
7
What is the billions digit of 5846189398?
5
What is the ten millions digit of 48281127?
4
What is the hundred thousands digit of 54402396?
4
What is the hundred thousands digit of 226529597?
5
What is the ten thousands digit of 23801732?
0
What is the tens digit of 2265831876?
7
What is the units digit of 462643077?
7
What is the thousands digit of 40108518?
8
What is the ten thousands digit of 268288625?
8
What is the hundreds digit of 252625948?
9
What is the billions digit of 1513755512?
1
What is the tens digit of 257534837?
3
What is the ten thousands digit of 1027802992?
0
What is the millions digit of 170191465?
0
What is the ten thousands digit of 508123586?
2
What is the ten millions digit of 1184613985?
8
What is the ten millions digit of 290119110?
9
What is the billions digit of 1620385339?
1
What is the thousands digit of 77798149?
8
What is the millions digit of 1914509098?
4
What is the millions digit of 2096716304?
6
What is the ten millions digit of 27672766?
2
What is the millions digit of 427339638?
7
What is the hundred thousands digit of 337501257?
5
What is the hundred thousands digit of 105777222?
7
What is the units digit of 617612074?
4
What is the hundreds digit of 729981310?
3
What is the thousands digit of 43762227?
2
What is the ten millions digit of 3361740090?
6
What is the thousands digit of 185246561?
6
What is the units digit of 38214508?
8
What is the thousands digit of 118627013?
7
What is the ten thousands digit of 69667325?
6
What is the ten millions digit of 2528981177?
2
What is the units digit of 365966378?
8
What is the hundred thousands digit of 136859130?
8
What is the tens digit of 72641053?
5
What is the hundred thousands digit of 261006612?
0
Wha